?
123660
In base 7, what is 12263 + 10?
12303
In base 11, what is -699 - -30a?
-38a
In base 10, what is -4747 + 11?
-4736
In base 13, what is -2 - 3843?
-3845
In base 14, what is 663b + 73?
66b0
In base 14, what is -400d5 - -d?
-400c6
In base 4, what is -3201302 + 2000?
-3133302
In base 15, what is -650 + a4b?
3eb
In base 5, what is 3322444 + -4?
3322440
In base 8, what is 4777 + -425?
4352
In base 14, what is 35c2 + -a?
35b6
In base 15, what is -6e9 + -2e?
-728
In base 13, what is 1c28 + -78?
1b80
In base 7, what is 116 - -2523?
2642
In base 16, what is -152cd9 + -1?
-152cda
In base 2, what is -100111111 - -1111001001?
1010001010
In base 6, what is 4 - 550531?
-550523
In base 12, what is 5 + -82b?
-826
In base 7, what is -2 + -363503?
-363505
In base 16, what is 5 + 160a2?
160a7
In base 8, what is 5 + 40035?
40042
In base 4, what is 0 + 1322331311?
1322331311
In base 7, what is -12 - 5150?
-5162
In base 11, what is 17785 - 48?
17738
In base 5, what is 314014 + 3112?
322131
In base 7, what is 26112 + -200?
25612
In base 3, what is 12100211021 + 2?
12100211100
In base 4, what is 11 + 30232?
30303
In base 15, what is -118b - -7?
-1184
In base 9, what is -126252 + -2?
-126254
In base 7, what is -11 - -10663?
10652
In base 7, what is -2001 + 5045?
3044
In base 14, what is 2168 - 31?
2137
In base 11, what is -2134 + 21?
-2113
In base 15, what is 29 - -87e?
8a8
In base 16, what is -2 + -10a?
-10c
In base 16, what is 4c9d + 2?
4c9f
In base 10, what is -29 - -47962?
47933
In base 13, what is -5 - 16587?
-1658c
In base 8, what is -447 - 1043?
-1512
In base 15, what is -2d5 - -b7d?
898
In base 7, what is -14533 - -36?
-14464
In base 7, what is -305650 - 23?
-306003
In base 10, what is 132475 - -2?
132477
In base 10, what is 81599 + 3?
81602
In base 13, what is 17a4c - 11?
17a3b
In base 8, what is 1350 - -625?
2175
In base 12, what is -13 - -82411?
823ba
In base 12, what is 31 + 1989?
19ba
In base 10, what is -1 - -10523?
10522
In base 7, what is 1301006 - -4?
1301013
In base 15, what is 3 + -26c68?
-26c65
In base 16, what is 14ea0 - -2?
14ea2
In base 15, what is -d8e7 - -26?
-d8c1
In base 10, what is -1722 + 22?
-1700
In base 12, what is 6ba + -3973?
-3275
In base 8, what is 13 - 6167?
-6154
In base 14, what is -54 - -1?
-53
In base 8, what is 572023 - -5?
572030
In base 4, what is 1030230113 - 1?
1030230112
In base 13, what is 8256 - 27?
822c
In base 14, what is -4 - 2d043?
-2d047
In base 9, what is -335241 - 2?
-335243
In base 16, what is 1 + -6838a?
-68389
In base 16, what is 3 - 12fb8?
-12fb5
In base 12, what is 2b08a - -5?
2b093
In base 15, what is 1bbda - -10?
1bbea
In base 8, what is -27 + 3330?
3301
In base 13, what is 0 - 10aaa?
-10aaa
In base 5, what is -333 + 11144?
10311
In base 5, what is 2230113 - 22?
2230041
In base 13, what is -3 - -2703?
2700
In base 8, what is 134265 + 3?
134270
In base 11, what is 1a999a - 3?
1a9997
In base 2, what is 11001010111 + -10010?
11001000101
In base 8, what is -4 + 23007?
23003
In base 16, what is -7500 + -2?
-7502
In base 9, what is 5 + 226512?
226517
In base 11, what is 14a74 + -3?
14a71
In base 12, what is 179b + -1b?
1780
In base 2, what is 1110101010011101 - -11?
1110101010100000
In base 7, what is -50 - -321006?
320626
In base 4, what is -3 + 23232232?
23232223
In base 2, what is 1000 - -10101010?
10110010
In base 11, what is -157 + -9a9?
-1055
In base 4, what is -2213031 - -23?
-2213002
In base 8, what is 441 - -7267?
7730
In base 4, what is -100322300 + 11?
-100322223
In base 6, what is 0 + -241031?
-241031
In base 14, what is -4711d - -6?
-47117
In base 16, what is 9492 - -4?
9496
In base 13, what is 1b81b + 5?
1b823
In base 10, what is -1974 - -4?
-1970
In base 13, what is 1 - -2606c4?
2606c5
In base 5, what is 3101 - 111?
2440
In base 12, what is -22b4 - 3a2?
-2696
In base 4, what is -113031322113 - 0?
-113031322113
In base 5, what is 1130323 + -223?
1130100
In base 9, what is -13457 - -7?
-13450
In base 14, what is 3 + 9c3?
9c6
In base 8, what is 63373 + 4?
63377
In base 4, what is -3202 + 223103?
213301
In base 10, what is -5 - 11154?
-11159
In base 5, what is -11434 - 232424?
-244413
In base 10, what is -2 - 873154?
-873156
In base 8, what is -363125 + 0?
-363125
In base 11, what is -101 - 140?
-241
In base 9, what is -120 + 1156?
1036
In base 10, what is -900534 + -4?
-900538
In base 12, what is a4ba - -5?
a503
In base 9, what is 8 - 23645?
-23636
In base 9, what is 24484 - -12?
24506
In base 14, what is 514a - -9?
5155
In base 12, what is 3 - -379566?
379569
In base 10, what is -2 + 62063?
62061
In base 4, what is -102 - 1003310?
-1010012
In base 9, what is 1 + -8152?
-8151
In base 4, what is -2213111 - -10?
-2213101
In base 3, what is -10 + -12112212?
-12112222
In base 5, what is 42244 - 421?
41323
In base 8, what is -34427537 - -4?
-34427533
In base 15, what is -5 - -6b32?
6b2c
In base 5, what is 2022 + -4132?
-2110
In base 14, what is 16 - -28bb?
28d3
In base 15, what is -4bb7 + 2?
-4bb5
In base 15, what is 2e53 + -213?
2c40
In base 5, what is -1001430 + -14?
-1001444
In base 11, what is 21 + 1541?
1562
In base 9, what is -2202 - 20?
-2222
In base 10, what is -3152598 - 4?
-3152602
In base 15, what is -6164c4 + -3?
-6164c7
In base 9, what is -22 - 528?
-551
In base 14, what is 3 + -59a1c?
-59a19
In base 11, what is 242 + -200?
42
In base 15, what is -8 + -2007?
-2010
In base 7, what is 5332 + 52?
5414
In base 12, what is -18a - 2b55?
-3123
In base 7, what is -342 - -136?
-203
In base 3, what is -11 - -10201000220?
10201000202
In base 12, what is -479 - -12?
-467
In base 5, what is -4 - 13202013?
-13202022
In base 3, what is 12 - 2211011?
-2210222
In base 5, what is 1243213 - 1?
1243212
In base 14, what is 94 - 70?
24
In base 15, what is 30 + a5?
d5
In base 16, what is -c1ea - -4?
-c1e6
In base 15, what is -1a - -4dd?
4c3
In base 11, what is -563a - 15?
-5654
In base 8, what is 356 + 4?
362
In base 2, what is 1110101100010101 + 110001?
1110101101000110
In base 11, what is -3 - 168003?
-168006
In base 5, what is -20 + -1042441?
-1043011
In base 4, what is 13210331 + -10?
13210321
In base 7, what is 523 + 254?
1110
In base 8, what is -73 + -301?
-374
In base 5, what is -3312240 - 11?
-3312301
In base 8, what is 5747 + 0?
5747
In base 5, what is -32204 + 233?
-31421
In base 5, what is -21 - 4321404?
-4321430
In base 5, what is 123 + -324?
-201
In base 15, what is 32b - e?
31c
In base 11, what is -26216 - 3?
-26219
In base 5, what is 3300 - 242?
3003
In base 5, what is -1 + -43031101?
-43031102
In base 5, what is 14140 + 0?
14140
In base 15, what is 3 + 2e38?
2e3b
In base 15, what is 1 - 4075?
-4074
In base 16, what is 2e67 - 4?
2e63
In base 16, what is -2 + -60032?
-60034
In base 9, what is 337 + -10013?
-8565
In base 8, what is 172742 + 0?
172742
In base 13, what is 1b8a3 + 5?
1b8a8
In base 10, what is -326871 + 1?
-326870
In base 9, what is -1238744 + 0?
-1238744
In base 12, what is 5a2 + -1147?
-765
In base 4, what is -2 + -321123033?
-321123101
In base 10, what is -1348 - 3?
-1351
In base 10, what is 1 + -425798?
-425797
In base 4, what is 3 - 21132320?
-21132311
In base 2, what is 10101 - -10110011111110?
10110100010011
In base 12, what is 68 + -262?
-1b6
In base 7, what is -454 - 235?
-1022
In base 6, what is -4031 - -5?
-4022
In base 4, what is -10331022 - -3?
-10331013
In base 13, what is 29214 + -5?
2920c
In base 14, what is 42c - ad?
35d
In base 16, what is -12231 - 5?
-12236
In base 7, what is 20216 - -6?
20225
In base 3, what is -22011202 + 2202?
-22002000
In base 5, what is -31 - -410320?
410234
In base 10, what is 14 - -262811?
262825
In base 8, what is -1522 - 644?
-2366
In base 16, what is 34 + -3be7?
-3bb3
In base 8, what is -371 + 5601?
5210
In base 9, what is 1161 - 1184?
-23
In base 13, what is -7c + -208b?
-213a
In base 5, what is -313 + 1333?
1020
In base 8, what is 1 - -125130?
125131
In base 4, what is -10112122 + 112?
-10112010
In base 10, what is 19172 + -11?
19161
In base 3, what is -10011020202 + -11?
-10011020220
In base 9, what is 2 + -21372?
-21370
In base 5, what is -13322 - -234?
-13033
In base 5, what is 13 + -2333133?
-2333120
In base 2, what is 10 + 10101100011000?
10101100011010
In base 9, what is 151 - -1546?
1707
In base 10, what is 139 - 5963?
-5824